 + 31*q + 249. Determine o(-16).
9
Let w(f) = -f**3 + 15*f**2 - 4*f + 18. Calculate w(15).
-42
Let q(i) = -5*i - 194. Calculate q(-33).
-29
Let q(s) = -s**3 - 7*s**2 - 6*s + 16. What is q(-5)?
-4
Let k(v) = v**3 - 6*v**2 + 7*v - 1. Give k(5).
9
Let n(l) = l**3 - 14*l**2 + 15*l + 8. Determine n(13).
34
Let y(i) = 3*i**3 + 4*i**2 - 6*i. Determine y(-5).
-245
Let p(f) = -f**3 - 3*f**2 + 3*f + 6. Give p(-4).
10
Let d(a) = 31*a - 714. Give d(23).
-1
Let g(f) = 3*f - 21. Determine g(6).
-3
Let w(f) = f**3 - 4*f**2 - 5*f - 3. Calculate w(5).
-3
Let d(w) = w**2 - 5*w - 19. What is d(7)?
-5
Let s(d) = -5*d**2 + 11*d + 4. Calculate s(3).
-8
Let g(u) = -3*u + 100. Determine g(35).
-5
Let h(r) = 34*r + 213. Determine h(-6).
9
Let d(x) = -2*x**3 + 12*x**2 + 24*x - 73. Determine d(7).
-3
Let h(w) = -9*w - 4. Calculate h(-3).
23
Let v(b) = 15*b - 8. Give v(6).
82
Let w(a) = a**2 - a + 33. Determine w(0).
33
Let n(f) = 2*f - 25. What is n(14)?
3
Let k(m) = -m**2 - 19*m - 86. What is k(-11)?
2
Let w(b) = -b + 14. What is w(7)?
7
Let p(l) = -5*l + 2. Give p(2).
-8
Let f(m) = -9*m**2 + 5*m - 1. Determine f(1).
-5
Let s(a) = -a**2 + 49*a + 275. Calculate s(-5).
5
Let u(m) = -2*m + 117. Determine u(50).
17
Let s(h) = -h**2 - 4*h + 10. Give s(-8).
-22
Let n(p) = p**2 + 35*p + 64. Give n(-33).
-2
Let f(y) = 20*y - 277. Give f(15).
23
Let s(l) = 3*l + 12. Give s(-2).
6
Let d(f) = -2*f + 16. Give d(8).
0
Let q(o) = -2*o**2 + 5*o - 6. Give q(3).
-9
Let f(x) = -2*x**3 - 18*x**2 + 3*x + 19. What is f(-9)?
-8
Let j(k) = 5*k**3 - 4*k**2 + k - 2. What is j(1)?
0
Let z(u) = -2*u - 44. Give z(-30).
16
Let b(o) = o**3 + 8*o**2 - 8*o - 13. Calculate b(-9).
-22
Let s(o) = -13*o - 43. What is s(-5)?
22
Let k(j) = -7*j + 7. Calculate k(0).
7
Let k(o) = 3*o**2 + 12*o - 230. Determine k(7).
1
Let a(x) = x**2 + 8*x - 1. Calculate a(-7).
-8
Let s(c) = c**3 - 3*c**2 + 4*c - 1. Calculate s(1).
1
Let p(t) = -t**2 - 50*t - 592. Give p(-30).
8
Let v(k) = -8*k + 94. Determine v(12).
-2
Let d(j) = j - 12. Determine d(5).
-7
Let o(u) = -2*u**3 - u**2 + 5*u - 5. Calculate o(2).
-15
Let a(g) = g - 3. Give a(7).
4
Let f(p) = -p**2 - 24*p - 88. Give f(-5).
7
Let x(p) = 6*p - 93. Calculate x(8).
-45
Let u(r) = -8*r - 2. Give u(2).
-18
Let j(y) = -y**3 + 7*y**2 - 4*y - 5. Calculate j(4).
27
Let m(r) = -7*r + 3. Calculate m(-8).
59
Let o(i) = i**3 - 3*i**2 - i - 4. Calculate o(0).
-4
Let k(a) = -80*a**3 + a**2 - 1. What is k(-1)?
80
Let f(j) = -j - 5. Calculate f(-7).
2
Let g(y) = -4*y**2 + 20*y - 2. Give g(-2).
-58
Let d(b) = 16*b + 1160. Calculate d(-72).
8
Let f(o) = o**2 - 28*o + 63. Calculate f(26).
11
Let j(l) = l**3 + 6*l**2 + 4*l - 4. Determine j(-5).
1
Let j(t) = -8*t - 2. Determine j(-2).
14
Let p(i) = i**3 - 7*i**2 - 5*i - 1. Give p(7).
-36
Let h(o) = -o**2 + 22*o + 16. Calculate h(22).
16
Let x(p) = p**2 - 2*p + 11. Calculate x(6).
35
Let v(f) = f**2 - 17*f + 59. Calculate v(7).
-11
Let a(k) = 8*k**2 + 6*k + 5. Determine a(-3).
59
Let n(s) = -s**3 + 6*s**2 - 3*s + 6. Give n(5).
16
Let t(r) = r**3 - 8*r**2 - 4*r + 9. Calculate t(8).
-23
Let p(o) = -o. Calculate p(9).
-9
Let s(m) = -4*m**2 - 45*m + 1. Determine s(-12).
-35
Let y(u) = 2*u**2 - 25*u + 12. Calculate y(11).
-21
Let o(b) = b + 8. Calculate o(7).
15
Let v(c) = -c**2 + 35. Calculate v(6).
-1
Let f(h) = 13*h + 234. What is f(-17)?
13
Let v(h) = h**3 - 52*h**2 + 52*h - 59. What is v(51)?
-8
Let h(r) = -r**2 - 13*r + 12. Give h(-14).
-2
Let u(l) = l - 16. What is u(13)?
-3
Let u(h) = -11*h + 26. Give u(2).
4
Let n(k) = -2*k**2 - 44*k + 118. What is n(-24)?
22
Let r(j) = j**2 - 7*j - 2. What is r(5)?
-12
Let c(j) = -j**3 - 4*j**2 + 4*j - 5. What is c(-5)?
0
Let b(f) = f**2 - 8*f - 82. Calculate b(-8).
46
Let s(w) = -5*w**2 - 2*w + 1. Calculate s(-1).
-2
Let i(g) = 18*g + 5. Give i(-2).
-31
Let u(z) = -2*z**2 - 14*z - 5. Determine u(-7).
-5
Let u(f) = f - 11. Calculate u(-7).
-18
Let c(t) = t**3 - 8*t**2 - 4. Determine c(8).
-4
Let m(q) = 2*q**3 + 5*q**2 + 3*q + 2. Give m(-3).
-16
Let f(n) = -n**3 + 10*n**2 + 2*n - 22. Calculate f(10).
-2
Let h(j) = j**3 + 7*j**2 + 10*j - 12. What is h(-4)?
-4
Let k(q) = -27*q + 527. What is k(19)?
14
Let o(i) = -i**3 + 3*i**2 + 6*i - 11. Calculate o(3).
7
Let w(v) = v - 17. Determine w(14).
-3
Let x(i) = i**3 + 5*i**2 + 2*i - 12. Calculate x(-4).
-4
Let b(c) = -8*c + 161. Calculate b(22).
-15
Let c(p) = -2*p + 3. What is c(-3)?
9
Let b(t) = -t**3 - 8*t**2 + 6*t + 3. Determine b(-4).
-85
Let j(r) = -r + 47. Determine j(23).
24
Let l(x) = -x**3 - 5*x**2 - 3*x - 3. What is l(-5)?
12
Let f(s) = 32*s + 109. Calculate f(-4).
-19
Let a(d) = -37*d**2 + 2*d - 2. Give a(1).
-37
Let x(t) = t**2 + 26*t + 18. Give x(-23).
-51
Let a(t) = 21*t**2 + t - 1. What is a(1)?
21
Let s(w) = w**2 - 9*w - 26. Calculate s(13).
26
Let i(c) = 3*c + 25. Calculate i(-9).
-2
Let n(t) = t + 3. Calculate n(-8).
-5
Let y(p) = p**3 - p**2 - 12*p + 14. Calculate y(3).
-4
Let p(x) = -x**2 + x + 1. Calculate p(-4).
-19
Let r(q) = q**2 - 7*q - 2. What is r(7)?
-2
Let a(w) = 12*w**2 + 73*w + 6. Calculate a(-6).
0
Let w(y) = y. Determine w(1).
1
Let i(s) = -s**3 - 16*s**2 - 2*s - 27. Determine i(-16).
5
Let x(z) = 13*z + 68. What is x(-5)?
3
Let w(u) = u**2 + 18*u + 121. Calculate w(-13).
56
Let o(n) = -3*n**2 + 105*n - 187. Give o(33).
11
Let j(f) = -4*f + 85. What is j(20)?
5
Let m(p) = 24*p - 185. What is m(8)?
7
Let c(s) = s**3 - 11*s**2 + s - 7. Calculate c(11).
4
Let m(c) = c**2 + 7*c + 1. Give m(-10).
31
Let d(a) = a**3 + 5*a**2 + 5*a - 3. Give d(-4).
-7
Let t(o) = o - 27. Give t(22).
-5
Let a(g) = g**2 + 7*g + 12. What is a(-6)?
6
Let u(s) = -s**3 - 4*s**2 + 45*s + 15. What is u(-9)?
15
Let x(a) = a**3 - 24*a**2 - 52*a + 18. Determine x(26).
18
Let a(w) = -2*w**2 + 9*w + 8. Give a(9).
-73
Let s(w) = 43*w**3 + 4*w**2 - 3. Give s(-1).
-42
Let a(l) = -5*l + 60. Determine a(10).
10
Let r(y) = -2*y - 82. Give r(-40).
-2
Let u(i) = -4*i + 98. Determine u(24).
2
Let m(w) = 16*w**2. Calculate m(-1).
16
Let u(t) = -2*t**2 + 14*t - 14. What is u(7)?
-14
Let x(d) = -2*d**2 - 59*d - 19. Calculate x(-29).
10
Let n(r) = r**3 - 9*r**2 + 9*r - 17. Give n(8).
-9
Let y(r) = -4*r + 3. Give y(2).
-5
Let u(i) = -i**3 + 10*i**2 - 4*i + 2. What is u(8)?
98
Let c(p) = -p**2 - 5*p - 19. Calculate c(-3).
-13
Let l(j) = -j**3 + 9*j**2 + j + 12. What is l(9)?
21
Let h(r) = r**3 - 7*r**2 - 5*r + 9. Calculate h(7).
-26
Let m(n) = n**2 + 14*n + 30. What is m(-12)?
6
Let d(x) = x - 9. Determine d(-7).
-16
Let z(x) = -3*x + 12. Determine z(3).
3
Let f(l) = -4*l**3 - 4*l**2 + 2*l + 1. Determine f(2).
-43
Let w(m) = -m**3 - 16*m**2 - 12*m + 36. What is w(-15)?
-9
Let j(b) = b**3 + 2*b**2 + 6*b + 5. Determine j(-3).
-22
Let o(h) = -20*h - 125. Determine o(-6).
-5
Let f(y) = 5*y - 100. Give f(11).
-45
Let a(h) = -9*h**2 + 2*h + 2. Give a(-1).
-9
Let m(y) = -y**3 + 37*y**2 - 11*y + 414. What is m(37)?
7
Let u(i) = -4*i - 2. Give u(-3).
10
Let h(z) = z**3 - 5*z**2 + 8*z + 6. Give h(6).
90
Let h(f) = 13*f - 103. What is h(8)?
1
Let j(p) = 7*p**2 - 78*p + 24. Determine j(11).
13
Let l(x) = 2*x - 15. What is l(4)?
-7
Let s(w) = w**3 - 20*w**2 + 17*w + 42. Give s(19).
4
Let h(a) = 2*a**2 - 11*a - 71. Give h(-5).
34
Let j(c) = 4*c + 49. Determine j(-14).
-7
Let d(y) = y**2 - 21*y - 70. Give d(24).
2
Let j(t) = -t**3 + 3*t**2 + 2*t - 3. Determine j(2).
5
Let f(u) = -3*u + 2. What is f(-4)?
14
Let q(g) = -g**2 - 6*g - 13. Determine q(-6).
-13
Let q(w) = w - 6. What is q(12)?
6
Let v(d) = -5*d + 51. Calculate v(9).
6
Let u(a) = a**3 + 3*a**2 - 3*a - 2. Give u(-3).
7
Let q(k) = -9*k - 160. What is q(-16)?
-16
Let n(o) = 12*o + 136. Determine n(-11).
4
Let a(l) = -2*l - 2. Determine a(5).
-12
Let d(k) = k**2 - 25*k + 48. Determine d(22).
-18
Let v(y) = y**2 - 23*y - 742. Calculate v(41).
-4
Let b(h) = h**3 - 5*h**2 - 5. Calculate b(5).
-5
Let m(d) = -d - 2. Calculate m(-7).
5
Let p(a) = a**2 - 6*a - 16. What is p(8)?
0
Let m(h) = h**3 + 5*h**2 + 4*h - 8. Calculate m(-4).
-8
Let f(a) = 6*a - 1. Calculate f(4).
23
Let n(p) = 5*p - 66. Give n(13).
-1
Let l(m) = -m**3 + 19*m**2 + 43*m - 21. Give l(21).
0
Let a(r) = -2*r + 13. Give a(6).
1
Let y(t) = -t**2 - 8*t + 11. Give y(-10).
-9
Let u(b) = b**3 - 9*b**2 + 15*b - 8. Calculate u(7).
-1
Let n(l) = l - 12. Give n(7).
-5
Let p(s) 